ime number?
True
Is 142319 composite?
False
Is 477839 composite?
False
Is 168937 prime?
True
Is 61357 a prime number?
True
Is 503 a composite number?
False
Is 3219649 a composite number?
True
Is 892229 a prime number?
False
Is 215713 a composite number?
True
Is 522719 a prime number?
True
Is 7171 a prime number?
False
Is 6609 prime?
False
Is 9169 a prime number?
False
Is 72262 a prime number?
False
Is 93463 prime?
True
Is 912749 a prime number?
False
Is 1482407 prime?
True
Is 27179 composite?
False
Is 17866 a composite number?
True
Is 187315 a composite number?
True
Is 88721 composite?
False
Is 145043 a composite number?
False
Is 3747 prime?
False
Is 79711 composite?
True
Is 62278 a composite number?
True
Is 6521 a composite number?
False
Is 76031 a composite number?
False
Is 34693 prime?
True
Is 42977 composite?
True
Is 12049 a prime number?
True
Is 49809 a prime number?
False
Is 843 a prime number?
False
Is 8081 prime?
True
Is 151991 composite?
True
Is 56237 a prime number?
True
Is 284143 a composite number?
True
Is 5401 a composite number?
True
Is 4411 a prime number?
False
Is 2762 composite?
True
Is 56569 a prime number?
True
Is 416959 a prime number?
False
Is 2359 prime?
False
Is 49277 a composite number?
False
Is 689003 prime?
False
Is 13443 prime?
False
Is 2933 prime?
False
Is 60937 composite?
False
Is 2522909 composite?
False
Is 11967 a prime number?
False
Is 76753 composite?
False
Is 83431 a prime number?
True
Is 847147 a composite number?
True
Is 2579 a prime number?
True
Is 802177 composite?
False
Is 47361 prime?
False
Is 22147 prime?
True
Is 968991 a prime number?
False
Is 91097 a composite number?
False
Is 519113 prime?
False
Is 280241 a prime number?
False
Is 7177 a composite number?
False
Is 15421 prime?
False
Is 173027 a prime number?
False
Is 120229 a prime number?
False
Is 226669 a prime number?
True
Is 5207 prime?
False
Is 29399 prime?
True
Is 13169 composite?
True
Is 17803 a composite number?
True
Is 36415 a composite number?
True
Is 37427 prime?
False
Is 2272531 composite?
True
Is 83455 composite?
True
Is 661279 prime?
False
Is 12031 composite?
True
Is 19919 a prime number?
True
Is 1096951 prime?
True
Is 15187 a composite number?
False
Is 1187 prime?
True
Is 313377 a composite number?
True
Is 7193 composite?
False
Is 1117 a composite number?
False
Is 60911 prime?
False
Is 2088787 prime?
True
Is 118787 a composite number?
False
Is 46653 a composite number?
True
Is 34631 composite?
False
Is 115337 prime?
True
Is 3793 a prime number?
True
Is 442133 composite?
True
Is 17851 a composite number?
False
Is 38147 composite?
True
Is 29159 a prime number?
False
Is 4643 a composite number?
False
Is 3077 a prime number?
False
Is 4735 composite?
True
Is 2813 composite?
True
Is 334603 prime?
True
Is 55073 composite?
False
Is 80167 a composite number?
False
Is 891541 a prime number?
False
Is 5018059 a prime number?
False
Is 1485103 a prime number?
False
Is 4296647 composite?
False
Is 86939 composite?
False
Is 38527 a prime number?
False
Is 6502 prime?
False
Is 1339777 a prime number?
True
Is 21959 a composite number?
True
Is 14969 a composite number?
False
Is 1346 prime?
False
Is 1357193 a prime number?
True
Is 40609 composite?
False
Is 779 a composite number?
True
Is 96643 prime?
True
Is 209113 composite?
True
Is 393019 prime?
False
Is 4031 prime?
False
Is 10753 prime?
True
Is 444209 composite?
False
Is 2171 prime?
False
Is 23117 composite?
False
Is 44413 prime?
False
Is 4253 prime?
True
Is 255027 composite?
True
Is 5677 a prime number?
False
Is 24439 composite?
False
Is 744537 a prime number?
False
Is 1445921 a prime number?
True
Is 134021 prime?
False
Is 33637 composite?
False
Is 97663 a prime number?
False
Is 157827 a composite number?
True
Is 5669 a composite number?
False
Is 4663 a prime number?
True
Is 2991853 composite?
False
Is 7493 prime?
False
Is 123289 a prime number?
True
Is 4223 a composite number?
True
Is 1192381 composite?
True
Is 222719 a prime number?
False
Is 8791 composite?
True
Is 354499 a composite number?
True
Is 2130979 prime?
True
Is 32479 a prime number?
True
Is 23251 a prime number?
True
Is 5249 a prime number?
False
Is 628483 prime?
False
Is 3576022 prime?
False
Is 17837 composite?
False
Is 4561 prime?
True
Is 35569 prime?
True
Is 11087 a prime number?
True
Is 6487 composite?
True
Is 317365 a composite number?
True
Is 416899 composite?
True
Is 4699 a composite number?
True
Is 403621 a composite number?
False
Is 21761 prime?
False
Is 160891 composite?
True
Is 246154 a prime number?
False
Is 136201 prime?
False
Is 444257 prime?
False
Is 677 composite?
False
Is 4621 a composite number?
False
Is 3781 prime?
False
Is 309929 a composite number?
False
Is 6449 a prime number?
True
Is 23449 a composite number?
True
Is 11239 prime?
True
Is 1225723 prime?
True
Is 22177 a prime number?
False
Is 171553 composite?
False
Is 1357 a composite number?
True
Is 283555 composite?
True
Is 323677 prime?
False
Is 3593 composite?
False
Is 34309 composite?
True
Is 10515515 composite?
True
Is 9917 a composite number?
True
Is 1027613 a composite number?
False
Is 415253 a prime number?
True
Is 615907 a prime number?
True
Is 175787 a prime number?
False
Is 78493 a prime number?
False
Is 3449 a prime number?
True
Is 909971 prime?
True
Is 22817 a composite number?
False
Is 33179 a prime number?
True
Is 46 a composite number?
True
Is 285881 composite?
True
Is 340321 a prime number?
True
Is 5755 a prime number?
False
Is 919 a composite number?
False
Is 178726 a prime number?
False
Is 17957 prime?
True
Is 1741 prime?
True
Is 1856801 a prime number?
True
Is 860351 prime?
True
Is 27561 a prime number?
False
Is 108067 a composite number?
True
Is 2893 composite?
True
Is 20473 a prime number?
False
Is 958453 a composite number?
True
Is 139 prime?
True
Is 1243 a composite number?
True
Is 48563 prime?
True
Is 205793 a composite number?
True
Is 11667 a composite number?
True
Is 809141 a prime number?
True
Is 5287 composite?
True
Is 29594 composite?
True
Is 2174 a prime number?
False
Is 2221 composite?
False
Is 942593 composite?
False
Is 26777 a prime number?
True
Is 2683241 a composite number?
True
Is 14822 composite?
True
Is 10351 prime?
False
Is 3353 composite?
True
Is 224579 a composite number?
False
Is 99961 prime?
True
Is 782297 a composite number?
False
Is 315937 composite?
False
Is 5027 a prime number?
False
Is 24161 prime?
False
Is 509 a prime number?
True
Is 4738777 composite?
False
Is 8331 composite?
True
Is 10583 a composite number?
True
Is 2062 a composite number?
True
Is 6581 prime?
True
Is 8663 a prime number?
True
Is 12538 prime?
False
Is 556203 a prime number?
False
Is 6599 a composite number?
False
Is 85457 composite?
True
Is 6621 composite?
True
Is 83041 a composite number?
True
Is 103561 prime?
True
Is 7919 a prime number?
True
Is 1341611 prime?
True
Is 559 composite?
True
Is 26627 prime?
True
Is 277653 prime?
False
Is 127907 composite?
True
Is 1316519 prime?
True
Is 647951 composite?
False
Is 1088363 a composite number?
True
Is 12633 composite?
True
Is 11269 prime?
False
Is 7769 composite?
True
Is 13861 a composite number?
True
Is 138883 prime?
True
Is 41579 prime?
True
Is 189373 composite?
True
Is 480287 composite?
False
Is 42667 a prime number?
True
Is 72251 a composite number?
False
Is 280777 a composite number?
True
Is 113263 a prime number?
False
Is 3829 composite?
True
Is 298303 a composite number?
False
Is 46346 a composite number?
True
Is 34811 a composite number?
True
Is 76961 composite?
False
Is 447 composite?
True
Is 3651967 composite?
True
Is 10477 composite?
False
Is 4939 a composite number?
True
Is 8197 a composite number?
True
Is 14239 a composite number?
True
Is 152647 a prime number?
False
Is 456871 prime?
True
Is 821 a composite number?
False
Is 617873 prime?
True
Is 18839 composite?
False
Is 449503 a composite number?
True
Is 637909 a composite number?
False
Is 809057 a prime number?
False
Is 121487 a composite number?
False
Is 32051 prime?
True
Is 2019137 a prime number?
True
Is 949811 composite?
False
Is 8891 prime?
False
Is 189377 a prime number?
True
Is 5177 composite?
True
Is 1931 a composite number?
False
Is 21919 a composite number?
True
Is 402197 prime?
True
Is 3532015 a prime number?
False
Is 54019 a 